me?
False
Let d = 99455 - 56770. Is d a composite number?
True
Is 1646 + 12 + (-56)/8 a prime number?
False
Suppose -2*h + 53165 = 5*h. Suppose -30363 = -4*m - g - 2*g, -m = 5*g - h. Is m/45*3/2 composite?
True
Suppose 23 + 12 = 5*b. Let s be 0*((-28)/8)/b. Suppose -4*g + s*g + 3*r = -1225, 3*g = -4*r + 925. Is g composite?
False
Suppose -10*k + 19*k = 11124. Suppose -f + k = 5*x, 2*f - 1994 = 2*x + 538. Is f a composite number?
True
Suppose -2316 = 6*d - 9*d. Suppose 0 = -q + 79 + d. Is q prime?
False
Suppose 0 = 36*k - 25034 - 41458. Is k prime?
True
Suppose -l = 4*t + 20, 3*l + 3*t = -l - 93. Let m = 27 + l. Is 3/9*m - -376 composite?
True
Suppose 7*k - 37895 = 19988. Is k a composite number?
False
Let k be (13 - 10)*(1 + -7). Let v be (-2)/6 + (-330)/k. Suppose -v*b + 14*b + 644 = 0. Is b prime?
False
Let x(f) = 20*f**2 - 16*f + 25. Suppose 195 = -15*j - 0*j. Is x(j) a prime number?
True
Let r(o) be the second derivative of -o**5/5 - o**4/3 + 17*o**3/6 + 2*o**2 - 5*o. Is r(-7) composite?
False
Suppose -127 - 233 = -4*l. Suppose r = -3*v - 77, 0 = 5*r - 2*v - 3*v + 385. Let g = l - r. Is g composite?
False
Let i be (4/(-6))/((-1)/15*2). Suppose -8*r + i*r + 2661 = 0. Is r prime?
True
Suppose -119*r + 25182 = -101*r. Is r a composite number?
False
Is (932720/30 - 4) + 1/3 prime?
False
Suppose -58*t = -61*t + 24. Suppose t*q = -0*q + 1192. Is q a composite number?
False
Let n be (0 + 7)*(-1 + -2). Let q(d) = -d**3 - 6*d**2 - 9*d + 2. Let x be q(-6). Let l = x - n. Is l a prime number?
False
Let g(q) = 7*q**3 - 6*q**2 + 5*q + 13. Let l(s) = -15*s**3 + 13*s**2 - 10*s - 27. Let m(c) = 13*g(c) + 6*l(c). Is m(5) a prime number?
True
Let i(t) = -3*t + 21. Suppose 4*j = 4, -2*y + 5*j + 5 = -10. Let v be i(y). Let f(h) = -101*h - 2. Is f(v) a prime number?
True
Let a(d) = -d**2 + 4*d + 12. Suppose -3*n + 8 = -10. Let j be a(n). Is 86 - -1*(j + 1) composite?
True
Let n = 259 + 2646. Suppose -2*t + 1181 = -3*m, n = 7*t - 2*t + 2*m. Is t a prime number?
False
Suppose -b - 344 = -5*b. Let g(f) = -5*f**3 - 3*f**2 + f + 1. Let z be g(2). Let x = z + b. Is x prime?
True
Let v(m) = -2*m**3 - 4*m**2 - 2*m + 5. Let u be v(-5). Let z(n) = n + 7. Let l be z(-3). Suppose l*x = x + u. Is x a prime number?
False
Is (-56572)/8*((-6 - -1) + 3) a composite number?
False
Let f be ((-8)/(-2))/(-8) + 14188/8. Suppose 2*a = -2*t - 3*t + f, 5*a = -3*t + 4442. Is a composite?
True
Let i(m) = m**3 + 6*m**2 + 7*m + 12. Let d be i(-5). Suppose -50 = -5*f + 5*k, k - 12 = -d*f + f. Is -4*28/(-16)*f a composite number?
True
Let c(i) = -i**2 - 8*i + 7. Let p be c(-8). Let j = -1 + p. Let h = 31 + j. Is h composite?
False
Let n = -72 - -86. Suppose n*j = 2*j + 1908. Is j composite?
True
Let r(n) = -n**3 + 13*n**2 - n + 14. Let s be r(13). Let g be (-29)/9 + 12/54. Is (s/(-3))/(g/2637) composite?
False
Let a(c) = c**3 - 10*c**2 - 4*c + 62. Let m be a(9). Suppose g - 93 = -0*g. Let r = g + m. Is r a prime number?
False
Suppose 2*m - 30942 = -6644. Is m prime?
True
Suppose 2*z + 5*v - 2 + 4 = 0, -3 = 3*z - 2*v. Is -1 + (z - -452) + (-153)/51 a prime number?
False
Let w(b) = -5*b**3 + b**2 - 10*b + 1. Let c(f) = -10*f**3 + f**2 - 19*f + 2. Let t(m) = 6*c(m) - 11*w(m). Is t(-5) a prime number?
True
Suppose -5*l - n + 165 = n, 4*l - n = 119. Is (l*94)/(-2)*19/(-19) prime?
False
Suppose -2*a = -3*a - 1, 0 = -4*m - a + 25531. Is m a prime number?
False
Is ((-2264085)/25)/(-9) + 4/10 prime?
False
Let s(j) = -j + 1. Let m(x) = 168*x + 9. Let f(w) = m(w) - 5*s(w). Is f(1) prime?
False
Let a(b) be the first derivative of -b**2/2 + 11*b + 5. Let p be a(9). Suppose p*s - 216 = 38. Is s a prime number?
True
Suppose -8 = 5*f - 23. Suppose x + 3*y - 537 = -f*x, -272 = -2*x + 2*y. Suppose -2*o = -83 - x. Is o a prime number?
True
Let b(q) = -q + 1. Let p be b(2). Let m be p/(-2)*(-8)/(-2). Suppose 0 = -4*r + 18 - m. Is r composite?
True
Let i = -16749 + 31730. Is i composite?
True
Suppose 5*h = 35359 + 50706. Is h a prime number?
False
Let h = -319 - -710. Is h composite?
True
Let o(w) = 549*w**3 + 14*w - 12. Is o(1) composite?
True
Let m be (-16)/(-104) + (-2838)/26. Let n = 59 - m. Suppose -2455 = -3*b + 4*h + n, 5*b - 4*h = 4377. Is b composite?
False
Let a = 22 - 10. Suppose t + 2*z - 4 + a = 0, 3*t + 24 = -2*z. Is t/60 + 3728/60 composite?
True
Let t = 320 + -177. Suppose -n = -2*n + t. Is n a prime number?
False
Let s = -24 + 24. Suppose -4*c - n = -414, s*c = 3*c + 2*n - 313. Is c a prime number?
True
Suppose -5*c - 5 = 0, 2*a + 3*c - 399 = -0*c. Suppose 4*l - 19 = -3*o, 2*o - 6*o = -2*l + 4. Suppose l*j - 131 = a. Is j prime?
True
Let c be 12/(-6) + (-2 - -1 - -1). Is c/(-5) - (-7565)/25 a composite number?
True
Let q(a) = -27*a - 321. Let z(f) = -13*f - 160. Let s(m) = 2*q(m) - 5*z(m). Let y(x) = 6*x + 79. Let d(r) = 4*s(r) - 7*y(r). Is d(0) composite?
False
Let s be 3/(1/(-1)) - (-16 - -14). Let u(r) = 678*r**2 - 1. Is u(s) composite?
False
Let c = -74 + 48. Let x = 421 + c. Is x prime?
False
Let w(l) be the first derivative of l**3/3 + 7*l**2/2 + 4*l + 4. Let j be w(-6). Is -111*j*1/6 prime?
True
Let u = 38 - 35. Suppose -s + 2*r + 561 = 0, 5*s + u*r = 2755 + 37. Is s composite?
True
Let o(n) = n**2 + n - 1. Let p(u) = -3*u**2 - 2*u + 10. Let j(a) = -o(a) - p(a). Let r be j(-4). Suppose d - r = 120. Is d a prime number?
True
Let r(f) = -f**3 - 4*f**2 + 4*f - 6. Suppose -3 = 3*z + 4*c, 4*z + 5*c = -0 - 5. Let q be r(z). Is 1/q - (-767 - 21) a prime number?
True
Let s(a) = a**3 - 2*a**2 + a - 3. Let f be s(2). Let m(r) = -127*r**3 + r**2 + r. Is m(f) prime?
True
Is 1017498/30 - 2/(-5) composite?
True
Let l(o) = -438*o + 5. Let x(c) = -c - 1. Let s(y) = -l(y) - 6*x(y). Is s(1) a prime number?
False
Suppose -4*a = 1480 - 376. Let k = -91 - a. Is k composite?
True
Suppose 0 = -t - j + 12951, -5*t = -10*t + 3*j + 64739. Is t a prime number?
False
Let u(m) = -m**2 - 9*m + 1. Let g be u(-8). Is (5073/g)/1 + 10/(-15) prime?
True
Let f be (3 + (0 - 2))*-1. Let o be (6 + f)*(4 - 3). Suppose 415 + 840 = o*q. Is q a composite number?
False
Let v = 14 - 11. Suppose -v = 2*z - 13. Suppose 8*t - 163 = -2*j + 3*t, z*j - 3*t = 454. Is j a composite number?
False
Let j(w) = -28*w**3 + 1. Let d be j(1). Let z = -288 - -446. Let t = z - d. Is t a composite number?
True
Suppose j + 123*q - 918 = 124*q, 5*j - 4593 = 4*q. Is j a composite number?
True
Let p = -22 - -29. Suppose 1354 = p*s - 5597. Is s a prime number?
False
Suppose -5*z = q - 521193, -2*q - 593154 + 71955 = -5*z. Is z a composite number?
False
Let x(d) be the second derivative of -17*d**3/3 + 7*d**2/2 - 3*d. Is x(-6) a prime number?
True
Let p(y) = y**2 + 3*y + 1. Let r be p(-2). Let m = r - 0. Let u(w) = -113*w - 2. Is u(m) a prime number?
False
Suppose -t + 135 = -225. Let c = t - 741. Is ((-3)/9)/(1/c) prime?
True
Let i be (-2 - 3*-2) + 661. Suppose 0 = 3*j - 3002 + i. Is j prime?
False
Let i be (-40)/(-5)*(-3)/(-12). Suppose 5*s + 3*b - 3707 = 0, 3*s - 2*b - i*b = 2201. Is s prime?
True
Let y(v) = 1774*v**3 - 7*v**2 + 20*v - 7. Is y(2) composite?
False
Is ((15/(-9))/5)/(15/(-54585)) a prime number?
True
Let g(y) = -3*y**2 - 2*y + 2. Let h be g(1). Let d = 6 - h. Is d*(-1)/(-9)*309 prime?
False
Let z(m) = 9*m**3 - 21*m**2 + 23*m + 78. Is z(23) a composite number?
True
Is 33/(-44)*2*-7934 prime?
False
Let t = -2579 + 7678. Is t a prime number?
True
Let u(v) = -2251*v - 30. Is u(-1) prime?
True
Let b(k) be the first derivative of k**2/2 + 3*k - 7. Let l be b(-9). Is (0 + 4/l)*-57 a composite number?
True
Let i be 3/(-4)*((-42)/(-18) + -5). Suppose -4*r + 171 + 93 = 0. Suppose r = -5*j + m + 2422, -5*j + 2353 = i*m. Is j a prime number?
False
Let s(t) = 284*t - 463. Is s(55) prime?
False
Let i(n) = 3*n**3 - 9*n**2 + 4*n + 14. Let z be i(11). Suppose 12*g = 14*g - z. Is g a composite number?
False
Let j = -606 + 1127. Is j a composite number?
False
Suppose -4*q = -0*a - 2*a - 6, 12 = -4*a - 3*q. Let b be a/(-12) + 255/4. Suppose -35 - b = -3*n. Is n a composite number?
True
Suppose -4*n + 33700 + 28104 = 0. Is n prime?
True
Let d(j) = -j**3 + 11*j**2 + 6*j - 1. Suppose 7*n - 5*n = 24. Let k be d(n). Let r = k + 200. Is r composite?
False
Let m(z) = z**3 - 11*z**2 + 2*z - 18. Let o be m(11). Suppose 18*q = -o*q + 66286. Is q composite?
True
Le